Suppose -4*x - f*x + 2805 = 0. Is x composite?
True
Let x(h) = -86*h**3 + 2 - 3*h**2 + 1 + 0*h**2. Suppose -8 = -2*d + 6*d. Is x(d) a composite number?
True
Let q be (-182)/(-1)*(-9)/((-9)/8). Let k = -807 + q. Is k a composite number?
True
Let m = -51 + 10. Let i = m + 58. Is (-2)/(-1 + 0) + 7089/i a composite number?
False
Let j = 55 + -51. Suppose j = 3*v - 5*v. Is (4443/(-12))/(v + (-14)/(-8)) a prime number?
True
Let o(y) = -y**3 + 2*y**2 + y + 1. Let z(s) = 2*s**3 - 25*s**2 - 9*s. Let h(q) = -3*o(q) - z(q). Is h(-4) a prime number?
False
Let p(m) = 585*m - 14. Let o be 6/18 + -14*2/(-6). Is p(o) composite?
True
Let s(d) = 455*d - 114*d + 195*d + 258. Is s(29) a composite number?
True
Is 813111*(200/1320 - (-4)/22) composite?
True
Suppose 0*f - 3*f = -522. Let k(c) = 553*c - f*c + 491*c - 13*c - 17. Is k(3) prime?
False
Let o(a) = 7*a**3 + 2*a**2 + 10*a - 20. Suppose -71*k + 40 = -63*k. Is o(k) a composite number?
True
Let g(v) = -v**2 + 27*v + 8. Let a be g(21). Suppose -a*r + 4954 = -132*r. Is r a prime number?
True
Is 10 + (-3 - 4173064/(-11 - -4)) composite?
False
Let f(z) = -z**3 - 12*z**2 + 6*z - 64. Let d be f(-13). Suppose 13*n = d*n - 83566. Is n prime?
False
Let r(k) be the second derivative of 69*k**3 + 145*k**2/2 + 15*k. Is r(8) a prime number?
True
Let i(g) = g**3 + g + 2. Let a be i(0). Is a/(4 + 38094/(-9527)) a composite number?
False
Suppose -4*d + 12*q - 28351 = 9*q, -q = 2*d + 14183. Let g = d - -11681. Is g prime?
True
Suppose -4*c = -4*m + 513472, -7*c = -3*c - 4. Is m composite?
True
Suppose 0 = 2*x - 57805 - 5177. Let p = x + -22030. Is p a composite number?
False
Is ((-231212)/8)/(258/(-1892)*(-2)/(-6)) composite?
True
Let g(i) = 49 - 116 + 152*i**2 + 41 - 61*i. Is g(13) a prime number?
False
Suppose 4*m + 0*m - 35 = 5*n, 0 = -2*m - 2*n + 4. Let c(p) = m - 25*p + 8 + 10 + 4*p**2 + 1. Is c(19) a composite number?
True
Let o be (-86)/(-7) + (-10)/35. Suppose 4*y + o = 0, 3*h - y + 28 - 490 = 0. Let l = 110 + h. Is l prime?
True
Suppose -95*t = -92*t - 237543. Is t composite?
False
Let l(q) = 261458*q**2 + 143*q + 143. Is l(-1) prime?
False
Suppose -3*d - 4 = -5*r + 26, 3*d - r = -18. Let v(c) be the third derivative of 19*c**5/60 - c**4/24 + 11*c**3/6 - 3*c**2. Is v(d) prime?
True
Suppose 34172 = 4*m - 2*v, m - v = -6*v + 8543. Suppose 4*w - z = -w + m, 3422 = 2*w + 2*z. Is w prime?
True
Suppose -66*n - 8529818 = -31*n - 57*n. Is n prime?
False
Suppose -5*o - o - 216 = 0. Let a(u) = u**3 + 38*u**2 + 32*u + 25. Is a(o) composite?
True
Let r(z) be the first derivative of -79*z**2 - 73*z + 75. Is r(-12) composite?
False
Suppose 6 = -5*p + 3*p. Let y be ((-470)/(-3))/((-1)/p). Suppose 0 = 2*z + 4, 2*m - 2*z = 352 + y. Is m composite?
False
Let q = -54 + 58. Suppose -2*n - q*b + 490 = 0, -b = 4*n + b - 998. Is n a prime number?
True
Suppose 3*z - 59 + 5 = -g, 90 = 5*z + 5*g. Is (-61442)/(-18) - 4 - 8/z a composite number?
True
Suppose 20*y = 19*y + 3*r + 7325, 0 = -3*y - 5*r + 22003. Is y prime?
True
Let x(y) = -24*y + 59. Let a be x(-18). Suppose 0*p - 1874 = -4*d - 2*p, d - a = 4*p. Is d a composite number?
True
Let c = 6963 + 2136. Suppose -3*v = 2*n + 2*n - 7293, -5*n = -2*v - c. Is n a composite number?
True
Let v = 11796 - -9711. Suppose v = 7*w - 37930. Is w a prime number?
False
Let z(h) = h**3 + 9155. Is z(0) a prime number?
False
Let s(c) = -c**3 - c**2 + 481. Suppose 0*o = 3*o. Is s(o) a prime number?
False
Let c be (-51)/6*(-1362 - (5 - 1)). Let j = 25556 - c. Is j composite?
True
Let q(w) = -30 + w**3 + 17*w + 0*w - 58*w**2 + 3*w**3 + 9*w + 45*w. Is q(23) prime?
False
Let r(w) = 448*w**2 + 159*w + 6036. Is r(-29) prime?
True
Suppose 2371*s - 2364*s - 55937 = 0. Is s prime?
False
Let d = 424 + -419. Is (4 - -3 - d) + 2 + 4953 composite?
False
Suppose 233 = t - 2*h, 3*h + 1135 = 5*t - h. Suppose 2*u = 4*w + 45 - t, -2*u - 181 = -w. Is ((-26)/u)/(2/1106) a prime number?
False
Suppose -3*a - 2*c = -22, 5*a + 2*c = -3*c + 45. Let x be ((20/(-4))/5)/((-1)/a). Suppose -u + x*g = -309, -4*u - u + 3*g = -1528. Is u a prime number?
False
Let h(j) = -1958*j**3 + 7*j**2 + 7*j - 3. Is h(-4) composite?
True
Suppose -269034 = -4*v + 5*l, 0 = -34*v + 37*v - 2*l - 201779. Is v a composite number?
False
Let y(x) = 6219*x + 388. Is y(9) prime?
True
Suppose n - 2*r = -0*r - 3, -2*n - r = -9. Let z(f) = 2*f**3 + 3*f**2 - 3*f + 1. Let h be z(n). Let g = 4 + h. Is g a prime number?
False
Let h(r) = -63*r**3 - 29*r**2 - 2*r + 89. Is h(-10) prime?
True
Let g be 2 - -2 - -2 - 10. Is 10380/8 + g/8 prime?
True
Suppose -3*i - 3 = -4*i. Is (i/(9 + -3))/((-7)/(-248962)) prime?
True
Let m(l) = -l**2 + 4*l + 7. Let b be m(5). Let n(r) = r**3 - 18*r**2 - 74*r - 304. Let i be n(22). Suppose b*z = -5*y - z + 7814, -12 = -i*z. Is y composite?
True
Suppose -2*u + 101141 = 10*a - 9*a, -2*u + 5*a = -101111. Suppose 0 = -5*t - 16*r + 15*r + u, 5*t + 2*r = 50571. Is t prime?
False
Let x(p) = -196*p**3 + 5*p**2 + 14*p - 38. Is x(-13) a composite number?
False
Let p(b) = 9*b**2 + b + 1. Let l = 34 - 31. Let i be p(l). Suppose 241 = 2*z - i. Is z a composite number?
False
Suppose -638455 - 326704 = -13*c. Is c a composite number?
True
Suppose 14*x - 10*x = 8. Let t be -142*(x - (1 - -3) - -124). Is t/(-10) - 3/(-5) prime?
True
Let h = -988 - -1429. Let q = h - -1872. Let x = q - 952. Is x a prime number?
True
Suppose -4*t + 2*a + 96478 = 0, 13*a - 120614 = -5*t + 10*a. Is t a prime number?
True
Suppose 1345 = 4*r - 3*r. Suppose -5*o + 24 = 5*f - 6, 3*o = 3. Suppose r = f*p - 120. Is p a composite number?
False
Let o(b) = 27801*b**2 - 2953*b + 9. Is o(-8) composite?
False
Let x be 4/(18/(-8) + (-2)/(-8)). Is (-6 + 551 - 4) + x/(-1) composite?
True
Suppose -1 = -u, a + 4*u - 69835 = -0*a. Suppose 4*m = 3*j + a + 32901, -j = -m + 25682. Suppose -m = -w - 5*w. Is w a composite number?
True
Let p(g) be the third derivative of -47*g**4/4 - 11*g**3/6 - 47*g**2. Is p(-5) prime?
True
Suppose 2*a - 48 + 46 = 0. Let l = a - 5. Is (-1)/l - 21066/(-24) composite?
True
Let z(c) = -129*c - 16. Suppose s - 20 + 4 = 0. Suppose -6 = -2*o - s. Is z(o) composite?
True
Suppose -3*j + 163 = 4*d, 0 = j + d + d - 53. Suppose -q + 5395 = -j. Suppose q + 373 = 5*n. Is n a prime number?
False
Let c = 553720 - 371621. Is c composite?
False
Let i(y) = 293517*y + 803. Is i(3) composite?
True
Let y be (-3157)/(-14)*(13 + -11). Suppose -4*a - q + 1 = -8, -a = -4*q - 15. Suppose 5*n - 3*n + a*g = 892, y = n + 4*g. Is n prime?
True
Suppose 0 = -3*i + 455 + 580. Let t = 594 - i. Is t composite?
True
Let i be 4/(10*(-12)/(-90)) - -35128. Suppose 39*v - 101782 = -i. Is v prime?
True
Let j(p) = -p**3 + 12*p**2 + 15*p - 26. Let k be j(13). Suppose k = -8*m + 10851 + 37285. Is m a composite number?
True
Let k = -3066 - -2049. Let t = k - -1574. Is t prime?
True
Let a = 79470 - 47790. Let s = 44713 - a. Is s a prime number?
True
Let b be ((-33)/22)/((-2)/(-4)) + 58488. Suppose -26*a + b = -5*a. Is a a prime number?
False
Let i = 779 + -162. Let q = i + 24. Is q prime?
True
Suppose -3 = 4*p - 7. Let x be (-39692)/(-28) + 6*p/14. Let h = -541 + x. Is h a composite number?
False
Let r = -2117 + 5644. Let l = 2376 + r. Is l a prime number?
True
Is 69086*112/(-320)*-10 a composite number?
True
Suppose -64*p - 4*i - 103341 = -65*p, -3*p + 310009 = -5*i. Is p a prime number?
True
Suppose -524 - 2822 = 14*x. Let w = x + 676. Is w a prime number?
False
Is ((-1)/(-2))/(25/10 - (-41773032)/(-16709217)) prime?
False
Let r = 493591 - 227486. Suppose 5*p - r = -102670. Is p a prime number?
True
Suppose -15 = -5*i, 0 = -2*f + 4*i - 6018 - 6304. Let m = -2697 - f. Let c = m - -1233. Is c prime?
True
Suppose 57512 = 6*m - 112816. Is (m/6)/((-16)/(-24)) prime?
False
Let k = -686 + 685. Let s(b) = 6800*b**2 + b + 4. Is s(k) composite?
False
Let b = 89 + -101. Let q be (b - -2)/(4/(-12)). Is (-1)/2 + 11745/q a composite number?
True
Let z(h) = 6*h - 88. Let v be z(16). Suppose -4 = 2*g, 3*a = -v*g + 4*g + 29425. Is a a composite number?
False
Suppose 0 = l - 6*h + 2*h - 40, 0 = l + 5*h - 31. Let v = l + -32. Is 6/4 + 3926/v composite?
False
Is 4131772/(-1 - ((-7)/(-1) - 12)) a composite number?
False
Suppose -125*i + 108*i + 4653529 = 0. Is i prime?
False
Suppose -4*i - 8 = 2*k, 4*k + k = 3*i + 32. Let m = -